) = c**2 - 18055*c - 633140. Give i(-35).
10
Let w(f) = -10410*f + 41648. Calculate w(4).
8
Let r(u) = -u**2 - 65795*u + 12272477. What is r(186)?
11
Let s(v) = 5*v**3 + 4*v**2 - 5*v - 34. What is s(5)?
666
Let g(f) = 46*f**2 - 2088*f - 4173. Give g(-2).
187
Let v(y) = -y**3 + 164*y**2 - 4141*y + 1605. Determine v(133).
-789
Let p(l) = -209*l - 15. Calculate p(-1).
194
Let u(y) = -2*y**2 + 179674*y + 1078006. Calculate u(-6).
-110
Let k(p) = 306*p - 1556. Determine k(5).
-26
Let c(y) = -2*y**3 - 77*y**2 + 11197*y - 173. Determine c(58).
1
Let r(w) = w**2 + 507*w - 151485. What is r(211)?
13
Let b(i) = -61*i**2 - 1521*i + 3424. What is b(-27)?
22
Let u(a) = 2*a**2 - 2422*a - 56992. Determine u(-23).
-228
Let v(u) = u**2 + 111*u - 7309. Give v(50).
741
Let d(n) = -18*n**2 + 162*n + 167. Calculate d(10).
-13
Let j(t) = -3*t**3 - 509*t**2 + 2810*t + 1705. Give j(-175).
-45
Let u(j) = -j**2 + 214*j - 7590. Determine u(45).
15
Let s(o) = -324*o + 4216. Calculate s(13).
4
Let y(l) = -23*l**3 + 4*l**2 - 17*l + 60. Determine y(4).
-1416
Let d(x) = -25*x**3 + 483*x**2 - 609*x + 286. Calculate d(18).
16
Let v(h) = 266*h**2 - 5311*h + 32. Give v(20).
212
Let m(h) = 5*h**3 - 34*h**2 - 3*h + 21. Calculate m(5).
-219
Let n(g) = 8609*g + 1196667. What is n(-139)?
16
Let k(c) = -3*c**2 - 27533*c + 441329. Calculate k(16).
33
Let f(j) = 53*j + 2496. What is f(-29)?
959
Let r(a) = 6506*a + 1535418. What is r(-236)?
2
Let j(v) = -16*v**3 + 5*v**2 - 190*v - 196. Calculate j(-1).
15
Let x(h) = h**2 + 1344*h + 18722. What is x(-14)?
102
Let f(h) = 20*h**2 + 1833*h + 15852. What is f(-82)?
26
Let s(q) = q**2 + 130*q + 2657. What is s(-21)?
368
Let j(z) = z**3 - z**2 + 4850*z - 14546. Give j(3).
22
Let p(t) = 8588*t - 42936. What is p(5)?
4
Let w(g) = -298*g + 19381. Calculate w(56).
2693
Let i(s) = -3*s**3 + 20*s**2 + 30*s - 241. Give i(-4).
151
Let m(p) = 360*p - 55854. What is m(155)?
-54
Let d(w) = -4*w**3 - 22*w**2 - 27*w - 79. Determine d(-5).
6
Let v(c) = c**2 - 1213*c - 165805. Determine v(1337).
-17
Let k(n) = -4*n**2 + 917*n - 5456. Give k(6).
-98
Let h(g) = 2*g**3 - 567*g**2 - 426*g + 40317. Give h(284).
-11
Let k(p) = 2*p**3 - 11*p**2 - 36*p - 12. Calculate k(11).
923
Let i(x) = -79*x**3 - 1820*x**2 - 72*x - 43. Determine i(-23).
26
Let o(l) = 434*l**3 + 2*l**2 - 231*l + 228. Calculate o(1).
433
Let t(n) = -396*n - 1861. Determine t(-5).
119
Let v(a) = a**3 + 14*a**2 + 290*a + 4587. What is v(-15)?
12
Let b(l) = l**3 - 143*l**2 + 31*l - 1344. Give b(143).
3089
Let m(f) = -1860*f**2 - 50224*f - 99. Determine m(-27).
9
Let j(s) = -24*s**2 - 1485*s - 2704. Calculate j(-60).
-4
Let f(q) = 4378*q - 407216. Determine f(93).
-62
Let f(i) = -529*i + 21636. Give f(41).
-53
Let o(c) = c**2 - 5762*c - 479202. Determine o(-82).
6
Let h(m) = -519*m - 5519. What is h(-13)?
1228
Let a(w) = 524*w**2 - 3527*w + 42. Determine a(7).
1029
Let g(o) = o**3 - 20*o**2 + 10*o + 193. Give g(7).
-374
Let l(r) = -r**3 + 961*r**2 + 293983*r + 44595. Calculate l(1205).
10
Let t(h) = h**3 + 30*h**2 + 202*h - 60. Give t(-11).
17
Let b(j) = -26806*j + 1125837. Determine b(42).
-15
Let h(w) = 1987*w - 65397. Give h(33).
174
Let f(p) = 5*p**3 - 38*p**2 - 4331*p + 26275. Give f(6).
1
Let h(i) = -i**3 - 3*i**2 - 59*i - 356. What is h(-5)?
-11
Let f(b) = -b**2 + 292*b - 4411. Give f(17).
264
Let l(v) = -1108*v - 43208. Calculate l(-39).
4
Let t(d) = -2*d**3 - 334*d**2 - 9229*d + 134. Calculate t(-35).
-251
Let u(l) = 211762*l - 635278. Give u(3).
8
Let i(j) = j**3 + 7*j**2 - 57*j - 123. Calculate i(-2).
11
Let l(d) = d**2 - 56860*d - 170582. Give l(-3).
7
Let u(n) = 5369*n - 1605374. What is u(299)?
-43
Let a(o) = o**3 + 172*o**2 - 1710*o - 14665. Give a(-181).
-4
Let h(g) = g**3 + 11*g**2 + 59*g + 85. Determine h(-6).
-89
Let g(i) = -4*i**2 - 707*i + 1800046. What is g(-765)?
1
Let m(q) = 75*q + 3059. Give m(-33).
584
Let d(p) = 266*p - 347. Calculate d(1).
-81
Let r(t) = -t**3 + 177*t**2 + 250*t - 14546. Calculate r(178).
-1730
Let b(s) = -12*s + 2954. Give b(157).
1070
Let j(p) = p**2 - 604*p + 24521. Calculate j(44).
-119
Let h(k) = -1003031*k - 7021214. What is h(-7)?
3
Let m(q) = 831*q + 13165. Determine m(-16).
-131
Let c(i) = i**2 + 296*i + 4195. What is c(-15)?
-20
Let w(d) = -312*d + 2662. Calculate w(8).
166
Let m(d) = d**3 + 12*d**2 + 79*d + 743. Calculate m(-12).
-205
Let a(s) = -s**2 - 635*s + 55601. Calculate a(78).
-13
Let n(o) = 2*o**2 + 100599*o + 905231. Give n(-9).
2
Let s(x) = 211*x - 2841. Calculate s(13).
-98
Let v(m) = 1412*m - 1555. Calculate v(1).
-143
Let o(h) = 3*h**3 + 1450*h**2 - 2360*h + 31543. Give o(-485).
18
Let s(a) = a**3 - 7*a**2 - 3711*a - 14705. Determine s(-4).
-37
Let p(z) = 2*z**3 - 21*z**2 - 57*z + 805. Determine p(10).
135
Let q(t) = -2174*t - 178282. Calculate q(-82).
-14
Let h(f) = -10*f**3 - 22*f**2 + 188*f + 361. Give h(-2).
-23
Let a(h) = 2*h**2 + 905*h - 49207. What is a(49)?
-60
Let v(c) = 1377*c + 8199. Determine v(-6).
-63
Let a(t) = -t**3 + 78*t**2 + 1836*t - 289. Calculate a(97).
-968
Let s(h) = 214336*h - 214200. What is s(1)?
136
Let y(g) = 35239*g + 68716055. What is y(-1950)?
5
Let g(c) = -209*c**2 - 1829*c + 449. Give g(-9).
-19
Let s(v) = -v**2 - 1750*v + 3517. What is s(2)?
13
Let g(d) = 323*d - 10755. Calculate g(33).
-96
Let c(h) = h**3 + 64*h**2 + 601*h + 625. Give c(-53).
-329
Let s(y) = -1367*y + 140750. Give s(103).
-51
Let k(q) = 2*q**3 - 105*q**2 - 673*q + 2058. Give k(58).
28
Let g(t) = -473*t - 37249. Determine g(-79).
118
Let i(f) = -10*f**2 - 169*f - 740. Calculate i(-5).
-145
Let r(b) = -b**2 + 1821*b - 90359. What is r(51)?
-89
Let r(i) = 2*i**2 - 301*i - 261. Determine r(151).
-110
Let n(w) = w**2 - 244*w + 13353. What is n(91)?
-570
Let f(p) = p**2 + 40538*p - 364930. Determine f(9).
-7
Let z(b) = 8027*b + 224810. Calculate z(-28).
54
Let v(f) = -6760*f - 175871. Determine v(-26).
-111
Let w(o) = -o**2 + 264*o + 155800. Determine w(-284).
168
Let y(w) = 16392*w - 37. What is y(0)?
-37
Let y(l) = 11*l**2 + 32805*l - 197210. What is y(6)?
16
Let c(k) = 2*k**3 + 54*k**2 + 196*k - 1421. What is c(-20)?
259
Let p(q) = -q**3 + 18*q**2 + 441*q - 5354. What is p(27)?
-8
Let p(r) = r**3 + 34*r**2 + 83*r - 178. Calculate p(-30).
932
Let g(q) = q**3 - 130*q**2 - 1136*q + 4345. Give g(138).
-71
Let s(l) = -1249*l - 30602. Give s(-24).
-626
Let i(l) = 9*l**3 + 1231*l**2 + 2156*l - 517. What is i(-135)?
23
Let s(g) = -9*g**3 + 45*g**2 - 146*g + 85. Determine s(4).
-355
Let p(s) = -s**3 + 14*s**2 - 261*s + 3097. What is p(13)?
-127
Let o(h) = 3*h**2 - 10402*h + 7891939. Determine o(2346).
-5
Let h(w) = -23*w**2 - 851*w + 46230. What is h(30)?
0
Let n(o) = 6618*o + 85917. Give n(-13).
-117
Let h(k) = -k**3 - 31*k**2 - 119*k - 369. Calculate h(-28).
611
Let k(j) = 680*j**2 - 6794*j + 47. Determine k(10).
107
Let d(x) = x**2 + 1785*x - 752236. Calculate d(352).
-12
Let a(q) = 6*q**3 + 15*q**2 - 329*q + 312. Calculate a(1).
4
Let b(z) = z**3 - 63*z**2 - 67*z + 149. Determine b(64).
-43
Let h(p) = -p**3 + 55*p**2 + 1943*p + 4680. What is h(80)?
120
Let u(j) = -3*j**2 - 749*j - 3716. What is u(-5)?
-46
Let z(q) = -q**3 + 85*q**2 - 169*q + 124. Calculate z(83).
-125
Let w(z) = 2*z**3 + 82*z**2 + 83*z + 3487. Determine w(-41).
84
Let o(v) = -6*v**3 + 1244*v**2 - 418*v + 820. Determine o(207).
-8
Let j(f) = f**3 - 117*f**2 - 1385*f - 77. Give j(128).
2867
Let p(w) = -676*w - 242009. Give p(-358).
-1
Let s(m) = -134*m**2 - 33089*m + 2170. Give s(-247).
-53
Let g(y) = 9089*y - 1054406. What is g(116)?
-82
Let c(l) = l**2 - 214*l - 7916. Calculate c(-35).
799
Let x(y) = y**3 - 38*y**2 + 294*y + 995. Determine x(24).
-13
Let x(k) = 30041*k + 2403269. Calculate x(-80).
-11
Let c(a) = -10*a**3 - 437*a**2 + 123*a - 417. Give c(-44).
-21
Let i(o) = -10*o**3 + 123*o**2 - 25*o + 19. Calculate i(12).
151
Let f(w) = 61*w**2 + 403*w - 172. Determine f(-7).
-4
Let s(v) = -1300*v - 10087. What is s(-9)?
1613
Let s(p) = -58*p**2 + 576*p - 901. What is s(8)?
-5
Let p(f) = -2967*f - 1382620. What is p(-466)?
2
Let o(p) = 486006*p + 19926247. Calculate o(-41).
1
Let j(r) = -10*r**2 - 388*r + 60. Give j(-42).
-1284
Let f(v) = 3*v**2 - 453*v + 16672. Calculate f(88).
40
Let o(w) = 595146*w + 10712620. What is o(-18)?
-8
Let o(p) = p**2 + 110*p - 3336. Give